{"id":1089,"date":"2021-11-15T09:32:29","date_gmt":"2021-11-15T08:32:29","guid":{"rendered":"https:\/\/wash-and-polish.de\/?page_id=1089"},"modified":"2021-11-15T19:42:23","modified_gmt":"2021-11-15T18:42:23","slug":"historie","status":"publish","type":"page","link":"https:\/\/wash-and-polish.de\/?page_id=1089","title":{"rendered":"Historie"},"content":{"rendered":"<div data-colibri-id=\"1089-c1\" class=\"style-698 style-local-1089-c1 position-relative\">\n  <!---->\n  <div data-colibri-component=\"section\" data-colibri-id=\"1089-c2\" id=\"custom\" class=\"h-section h-section-global-spacing d-flex align-items-lg-center align-items-md-center align-items-center style-699 style-local-1089-c2 position-relative\">\n    <!---->\n    <!---->\n    <div class=\"h-section-grid-container h-section-boxed-container\">\n      <!---->\n      <div data-colibri-id=\"1089-c3\" class=\"h-row-container gutters-row-lg-2 gutters-row-md-2 gutters-row-0 gutters-row-v-lg-2 gutters-row-v-md-2 gutters-row-v-2 style-700 style-local-1089-c3 position-relative\">\n        <!---->\n        <div class=\"h-row justify-content-lg-center justify-content-md-center justify-content-center align-items-lg-stretch align-items-md-stretch align-items-stretch gutters-col-lg-2 gutters-col-md-2 gutters-col-0 gutters-col-v-lg-2 gutters-col-v-md-2 gutters-col-v-2\">\n          <!---->\n          <div class=\"h-column h-column-container d-flex h-col-lg-auto h-col-md-auto h-col-auto style-701-outer style-local-1089-c4-outer\">\n            <div data-colibri-id=\"1089-c4\" class=\"d-flex h-flex-basis h-column__inner h-px-lg-2 h-px-md-2 h-px-2 v-inner-lg-2 v-inner-md-2 v-inner-2 style-701 style-local-1089-c4 position-relative\">\n              <!---->\n              <!---->\n              <div class=\"w-100 h-y-container h-column__content h-column__v-align flex-basis-100 align-self-lg-start align-self-md-start align-self-start\">\n                <!---->\n                <div data-colibri-id=\"1089-c5\" class=\"h-text h-text-component style-702 style-local-1089-c5 position-relative h-element\">\n                  <!---->\n                  <!---->\n                  <div class=\"\">\n                    <p>Hier einen kurzen Einblick wie es zu Wash&amp;Polish gekommen ist.<\/p>\n                    <p>2018 wollte ich meinen Wagen zu einem Aufbereiter bringen, damit er ihn wieder zum gl\u00e4nzen bringt. Ich wurde aber schnell auf den Boden der Tatsachen geholt, als mir die Preise um die Ohren geschlagen wurden.<\/p>\n                    <p>Da ich das so nicht akzeptieren wollte, habe ich einen Nebenjob als Fahrzeugaufbereiter angenommen und dort 2 Jahre lang Erfahrungen gesammelt.<\/p>\n                    <p>Ein Freund von mir, der sich als Automobilverk\u00e4ufer ( www.sg-automobile.de ) selbstst\u00e4ndig gemacht hat, sprach mich an ob ich nicht Lust h\u00e4tte seine Autos zu s\u00e4ubern. Da es mit der Zeit immer mehr wurde, habe ich mich am 01.08.2020\n                      entschieden ein Nebengewerbe anzumelden.<\/p>\n                    <p>Anfangs mit Standort H\u00fcnsborn, bin ich 2021 nach Dahl zur\u00fcck gekehrt, um meine Leidenschaft weiter voran zu treiben.<\/p>\n                    <p>Es gibt nichts sch\u00f6neres, wenn Kunden ihr Auto abholen und aus dem staunen nicht mehr rauskommen. Man kann schon mit wenig viel erreichen.<\/p>\n                    <p>Und genau das ist das Ziel, dem Kunden faire Preise mit einer guten Leistung kombiniert anzubieten, daf\u00fcr steht Wash&amp;Polish.<\/p>\n                  <\/div>\n                <\/div>\n              <\/div>\n            <\/div>\n          <\/div>\n        <\/div>\n      <\/div>\n    <\/div>\n  <\/div>\n<\/div>","protected":false},"excerpt":{"rendered":"<p>Hier einen kurzen Einblick wie es zu Wash&amp;Polish gekommen ist. 2018 wollte ich meinen Wagen zu einem Aufbereiter bringen, damit er ihn wieder zum gl\u00e4nzen bringt. Ich wurde aber schnell auf den Boden der Tatsachen geholt, als mir die Preise um die Ohren geschlagen wurden. Da ich das so nicht akzeptieren wollte, habe ich einen [&hellip;]<\/p>\n","protected":false},"author":1,"featured_media":0,"parent":0,"menu_order":0,"comment_status":"closed","ping_status":"closed","template":"page-templates\/full-width-page.php","meta":{"footnotes":""},"class_list":["post-1089","page","type-page","status-publish","hentry"],"_links":{"self":[{"href":"https:\/\/wash-and-polish.de\/index.php?rest_route=\/wp\/v2\/pages\/1089","targetHints":{"allow":["GET"]}}],"collection":[{"href":"https:\/\/wash-and-polish.de\/index.php?rest_route=\/wp\/v2\/pages"}],"about":[{"href":"https:\/\/wash-and-polish.de\/index.php?rest_route=\/wp\/v2\/types\/page"}],"author":[{"embeddable":true,"href":"https:\/\/wash-and-polish.de\/index.php?rest_route=\/wp\/v2\/users\/1"}],"replies":[{"embeddable":true,"href":"https:\/\/wash-and-polish.de\/index.php?rest_route=%2Fwp%2Fv2%2Fcomments&post=1089"}],"version-history":[{"count":4,"href":"https:\/\/wash-and-polish.de\/index.php?rest_route=\/wp\/v2\/pages\/1089\/revisions"}],"predecessor-version":[{"id":1255,"href":"https:\/\/wash-and-polish.de\/index.php?rest_route=\/wp\/v2\/pages\/1089\/revisions\/1255"}],"wp:attachment":[{"href":"https:\/\/wash-and-polish.de\/index.php?rest_route=%2Fwp%2Fv2%2Fmedia&parent=1089"}],"curies":[{"name":"wp","href":"https:\/\/api.w.org\/{rel}","templated":true}]}}